= -0 - 6. Let r(b) = -b**2 - 2*b + 4. Give r(g).
-4
Let i be ((-5)/(-20))/(0 - 6/(-4)). Let k(m) be the third derivative of 0 + 3*m**2 + 0*m + i*m**3 - 7/24*m**4. Calculate k(1).
-6
Let g(i) = -4*i**2 - 3 + 5*i + 2 - 5*i. Calculate g(1).
-5
Let j(c) = c - 8. Let k be j(-6). Let q = k - -19. Let g(d) = 4*d - 1. Let f(r) = r - 1. Let p(u) = -3*f(u) + g(u). Determine p(q).
7
Let v(o) = o**2 - o. Let r(i) = 2*i**2 - 5*i + 1. Let f(h) = -r(h) + v(h). Calculate f(3).
2
Suppose 2*o + 13 = i, -2*i + 14 = -0*o - o. Let b(z) = z**3 - 5*z**2 + 4. What is b(i)?
4
Let c(k) = -3*k**2 - 1 - k**2 + 3*k**2 + 6*k + 2. Determine c(6).
1
Suppose 5*b - 22 = y, -5*y - 3*b = -4*b - 10. Let q(c) = c**3 - 3*c**2 - c + 3. What is q(y)?
0
Let o(c) be the third derivative of 0 + 1/3*c**3 - 1/24*c**4 + 0*c - 2*c**2. Suppose -f - f + 2 = 0, 3*f + 1 = -2*j. Give o(j).
4
Suppose 0 = -2*b + 4. Let n(s) = -s**3 + 2*s**2 + s - 1. Determine n(b).
1
Let j be (-3 - -6) + (-1 - 0). Let k(b) = -18 + j*b + 14 - 5*b. What is k(-3)?
5
Let c(d) = d**2 - 3*d - 2. Let g be (-6)/4*16/(-12). Let x(i) = 0*i**2 - 8*i**g - 4*i - i - 2 + 2*i**2 - i**3. Let f be x(-5). Give c(f).
8
Let m(l) = -l**2 - 4*l + 7. Let x(g) = -1. Let w(j) = -m(j) - 3*x(j). Let d(v) = -v**2 + 6*v - 4. Let z be d(6). Calculate w(z).
-4
Suppose -3*v + 21 = 3*p, 0 = 5*v - 2*p - 2*p + 10. Let d(a) = -a + v*a - a - a - 1. Calculate d(0).
-1
Let a(u) = -2*u**2 - 25. Let w(y) = -y**2 - 12. Let b(p) = 6*a(p) - 13*w(p). Suppose 4*t = 2*t. What is b(t)?
6
Suppose 2*n - 4 = -0*n. Let k(r) = -r**2 - 8 + r**2 - 2*r**2 + r + r**n. Give k(0).
-8
Let w be 4/6 - (-42)/(-9). Let y be (-14)/4*(-4)/7. Let u(v) = y + 6*v - 1 - v**3 - 2*v**2 + 2. Give u(w).
11
Let c(v) = 39*v - 76*v + 40*v. Determine c(-3).
-9
Let f(m) = -2*m**2 + 2*m - 3. Let b = -42 + 30. Let p be (-8)/(-3) + 8/b. Calculate f(p).
-7
Let i(y) = -2 - 4 - 4*y - 2 + 9. Give i(1).
-3
Let w(u) be the second derivative of 4*u + 0 - 7/6*u**3 - u**2 - 1/12*u**4. Give w(-5).
8
Let n be ((-26)/(-7))/((-1)/(-7)). Let w(t) = -22 + t + n + t. Calculate w(-3).
-2
Let x(v) be the first derivative of v**4/4 - v**3 - 3*v**2/2 - v - 15. Let h(u) = -u**2 - 5*u - 6. Let s be h(-5). Let r be ((-5)/(-10))/((-1)/s). What is x(r)?
-10
Let p(b) = 14*b**2 + 14 + 3*b - 20*b**2 + 5*b**2. Calculate p(6).
-4
Let v(a) = -31*a + 16. Let b(o) = -6*o + 3. Let l(s) = -s**3 - 7*s**2 + s - 4. Let m be l(-7). Let f(j) = m*b(j) + 2*v(j). Give f(-1).
-5
Let m be (-2 + 4)/2 - -2. Suppose 12 = 2*j - 4*v, 3*j + 2*j = -m*v + 17. Suppose 4*d - j = -0. Let g(i) = -i**2 + 2*i - 1. Determine g(d).
0
Suppose 2 + 5 = v. Suppose -6*h + 5*h + 5 = 0. Let p(d) = v - d - 6 + 0 - d**2 + h. What is p(0)?
6
Let u(m) = 0*m**2 + 2 - 1 - m - m**2. Let x = -8 - -28. Let d be (9/(-15))/((-4)/x). Give u(d).
-11
Suppose 0 = 3*d - 3*z - 18, -20 = -4*d + 3*z - 0*z. Let n(p) = p - 4. Let i be n(d). Let c(b) = -b**2 - 2*b - 3. Calculate c(i).
-3
Let v(j) = -22*j**2 + 2*j - 3*j + 24*j**2 + 7*j**3. What is v(1)?
8
Let r(k) = -k**2 - 3*k - 3. Let v = 0 + -2. What is r(v)?
-1
Suppose 4*u - 7 - 2 = -3*h, u + h - 2 = 0. Let s(c) = -2*c + c**u - 9 - c**2 + 14 - 4. Let y(o) = -o - 2. Let k be y(-4). What is s(k)?
1
Let h = -11 - -17. Let s be 4/12*-1*h. Let b(o) = o**2 + 3*o + 1. Calculate b(s).
-1
Let w(p) be the third derivative of -p**6/360 - p**5/60 + 5*p**4/24 - 5*p**3/6 + 8*p**2. Let a(x) be the first derivative of w(x). What is a(-4)?
-3
Let k(p) be the first derivative of -p**2/2 + 15*p - 5. Calculate k(0).
15
Suppose -12 = -5*n + 8*n. Let m(o) = -o**3 - 5*o**2 - 5*o + 2. Give m(n).
6
Let s(k) = -10*k**2. Let r be 1/(-3) - (-16)/(-24). Determine s(r).
-10
Let q(f) = f**2 + 16*f + 13. Let k be q(-15). Let u(o) = 5*o + 1. Determine u(k).
-9
Let m(w) = w**3 + 6*w**2 + 6*w + 7. Let l be (-2)/12 + (-46)/12. Suppose 2*v - 5*s + 38 = 0, 0 - 11 = 3*v + 4*s. Let o = v - l. Give m(o).
2
Let h = 64 + -59. Let m(f) = 4*f. Give m(h).
20
Let a be 0 + -3 + (-4)/2. Let w be (-36)/(-10) + (-2)/a. Let l(u) be the third derivative of -u**4/24 + u**2. Determine l(w).
-4
Suppose -5*k + 3*n - 2*n = 0, 2*n = -4*k + 14. Let g(l) = l**3 - k + 5*l + 4*l**2 + 0 + 2 - 2*l. What is g(-2)?
3
Let o(s) = s - 5. Let d be o(4). Let r(g) = -7*g**2 - 6*g - 6. Let b = 11 - 5. Let i(t) = -15*t**2 - 13*t - 13. Let u(l) = b*i(l) - 13*r(l). What is u(d)?
1
Let v(l) = -l**3 + 5*l - 2 - 8*l**2 + 12*l**2 - 5. Give v(5).
-7
Let q(n) = n**3 - 9*n**2 + 2*n - 8. Let v(z) = 2*z**3 + 18*z**2 - z. Let h be v(-9). What is q(h)?
10
Let y(i) = 1 + 0*i**2 - 2 - 2*i**2. Suppose -5*g = 3*u + 1, 4*g - g + 5*u = 9. Let o = 3 + g. Give y(o).
-3
Let f(m) = 21*m. Suppose -2*j + 4 = -j, 2*k = -2*j - 10. Let r(x) = -5*x. Let t(b) = k*r(b) - 2*f(b). What is t(1)?
3
Let h(q) be the first derivative of q**4/4 - 8*q**3/3 + 7*q**2/2 - 7*q + 18. Give h(7).
-7
Suppose 3*h + 8 = 4*h. Let l = 4 - h. Let w(s) = -s**2 - 4*s - 5. Calculate w(l).
-5
Let l(b) be the first derivative of b**3/3 + 3*b**2 - 5*b - 1. Suppose -2*y - p = 13 - 1, 2*p = 4*y + 16. Give l(y).
-10
Let l be 2/(-5)*1 + (-258)/30. Let i(v) = v + 10. Give i(l).
1
Suppose -3*z + 60 - 9 = 0. Suppose 5*a + z = u, 4*u + 5*a = a - 4. Let n(c) = c**3 + 1 - u*c**3 - c**3. Determine n(-1).
3
Let a(t) = 2*t - 3. Suppose 2*n = -i - 19, 51 = -5*n - 2*i + 3*i. Let u be 2/(2*(-2)/n). What is a(u)?
7
Let n(g) = -2*g**3 - 4*g**2 - 2*g + 2. Let z be n(-2). Let l = z + -4. Let s(q) = l*q**2 - q + 4*q**2 - 4*q**2 - 2*q. Calculate s(3).
9
Suppose -b + 11 = 2*r - r, 3*b - 9 = 0. Let l(u) = -3 + 2 + 9*u - r*u. Give l(5).
4
Let p = 5 - -5. Let x(t) = t**2 - 9*t - 9. What is x(p)?
1
Let k(w) = 5*w**3 + 6*w**2 - 4*w + 8. Let n(c) = 4*c**3 + 6*c**2 - 4*c + 7. Let v(l) = -5*k(l) + 6*n(l). Determine v(5).
7
Let m(k) be the first derivative of k**4/4 - 8*k**3/3 + 4*k**2 - 9*k + 17. Determine m(7).
-2
Let p = 21 + -24. Let d(f) = -f**3 - 3*f**2 - 3*f - 4. Calculate d(p).
5
Let i(f) = -f**3 + 4*f**2 - 2*f - 1. Let y(v) = 4*v - v - 2*v - 5. Let g be y(7). Calculate i(g).
3
Let q = -3 + -2. Let y(i) = -i**3 - 6*i**2 - 4*i + 2. Give y(q).
-3
Let y be -1*4 + 2/(-2). Let x(m) be the third derivative of -m**4/24 + 13*m**2. Calculate x(y).
5
Let v(h) = -4 - 5*h - 4*h**2 + 5*h**2 + 0. Let u be (8 + -12)/((-8)/10). Calculate v(u).
-4
Let v = -2 + 4. Let p be 4*-3*v/8. Let n(j) = -4*j - 4. Determine n(p).
8
Suppose 2*j - 2 = -4. Let g(r) = -r - 1. Let k be g(j). Let w(u) = 4*u**2 - u - 5. Let f(q) = 3*q**2 - q - 5. Let m(y) = -3*f(y) + 2*w(y). Give m(k).
5
Let g(u) = -5*u + 3. Let c(s) = -s**2 + 9*s + 12. Let v(d) = -d**2 + 5*d + 4. Let h be v(3). Let i be c(h). Calculate g(i).
-7
Suppose -q - 13 = -3*w, -7*w = -2*q - 3*w - 16. Let i(k) = k**3 + 5 - 2*k + k - q - 3*k**2. Calculate i(3).
0
Let k(n) = -n**3 + 6*n**2 - 2*n + 4. Let m be k(5). Suppose 4*j + m = -1. Let s(h) = -3*h + 4*h + 9 + 0*h - 2. What is s(j)?
2
Let t(v) = 3*v**2 + 4*v - 5. Let a(o) = -o**2 + 1. Let j(u) = -2*a(u) - t(u). Let h be 30/9 - (-2)/3. Suppose -8 + 24 = -h*s. Calculate j(s).
3
Let r(m) = m**2 - m + 1. Let f(t) = -t**3 - 6*t**2 + 10*t + 5. Let o(s) = -f(s) - 2*r(s). What is o(-5)?
8
Let h(d) = -d**3 - 7*d**2 + 8*d - 5. Let n be h(-8). Let y(m) = -m**3 - 6*m**2 - 4*m + 5. Let r be y(n). Let f(c) = c**2 - c - 2. Determine f(r).
-2
Let j(l) = -l - 1. Let b = -34 - -31. Determine j(b).
2
Suppose -3 - 3 = 3*o. Let t = o - 1. Let g be (-1)/((t/12)/1). Let s(n) = -n**2 + 4*n + 1. Determine s(g).
1
Let l(w) be the second derivative of w**7/2520 + w**6/120 + w**5/24 + w**4/6 - 3*w. Let m(b) be the third derivative of l(b). Determine m(-4).
-3
Let v be ((-12)/15)/((-2)/45). Suppose 0 = 4*x + 5*n - v, -8 = x + 3*n - 8*n. Let c(m) = 3*m - x*m - 2*m. What is c(0)?
0
Let x be (-18)/(-4)*24/9. Let k = x + -7. Let i(g) = -g**2 + 4*g + 5. Give i(k).
0
Let m = 5 - -1. Let o(d) = m + 0*d**2 - 3*d + 4*d - d**2 - 3 - d**3. Calculate o(0).
3
Let c = 6 - 7. Let u(o) = -o**3 - 4*o**2 - 4. Let b(x) = x**3 + 0*x**3 - 3 + 5*x**2 + 8. Let i(r) = -4*b(r) - 5*u(r). Calculate i(c).
-1
Let r(k) = 6*k**2 + 4*k + 7. Let a(j) = 7*j**2 + 4*j + 8. Let l(u) = -5*a(u) + 6*r(u). Let p = 6 + -8. Determine l(p).
-2
Let y(r) = -r**2 + 8*r - 8. Let z be y(7). Let k(j) = j**3 + 4*j**2 + 2*j + 2. Let v(m) = m**3 + m**2 + m + 1. Let p(x) = -k(x) + 3*v(x